{"id":121,"date":"2025-02-18T18:29:12","date_gmt":"2025-02-18T18:29:12","guid":{"rendered":"https:\/\/smartphun.com\/?post_type=product&#038;p=121"},"modified":"2025-02-19T18:21:12","modified_gmt":"2025-02-19T18:21:12","slug":"brassard-de-sport-running-jogging-pour-grand-smartphone","status":"publish","type":"product","link":"https:\/\/smartphun.com\/?product=brassard-de-sport-running-jogging-pour-grand-smartphone","title":{"rendered":"Brassard de sport running jogging pour grand smartphone"},"content":{"rendered":"<p><strong>Brassard de sport running jogging pour grand smartphone<\/strong><\/p>\n<p>&#8211; Pour grand smartphone (iPhone 11 Pro Max, 12 Pro Max, 13 Pro Max, 14 Pro Max, Samsung S21 ultra, S22 ultra etc)<br \/>\n&#8211; Fait de mat\u00e9riaux doux de haute qualit\u00e9<br \/>\n&#8211; Poids l\u00e9ger, flexible et facile \u00e0 porter<br \/>\n&#8211; Lavable et facile \u00e0 enlever<br \/>\n&#8211; Une solution de protection \u00e9l\u00e9gante pour l\u2019appareil le plus \u00e9l\u00e9gant qui soit.<br \/>\n&#8211; En raison de la haute qualit\u00e9 du mat\u00e9riau, l\u2019\u00e9tui est une solution de protection durable pour votre t\u00e9l\u00e9phone co\u00fbteux<br \/>\n&#8211; Le mat\u00e9riau souple garde votre t\u00e9l\u00e9phone aussi neuf qu\u2019il l\u2019a achet\u00e9 aujourd\u2019hui.<br \/>\n&#8211; Acc\u00e8s \u00e0 tous les ports, boutons et fentes pour une utilisation facile.<br \/>\n&#8211; La sangle super r\u00e9sistante assure la s\u00e9curit\u00e9 de l\u2019appareil.<br \/>\n&#8211; Peut \u00eatre facilement mis et retir\u00e9<br \/>\n&#8211; Vous pouvez courir, monter, soulever et plus sans manquer une seconde de vos airs pr\u00e9f\u00e9r\u00e9s<\/p>\n","protected":false},"excerpt":{"rendered":"<p><strong>Brassard de sport running jogging pour grand smartphone<\/strong><\/p>\n<p>&#8211; Pour grand smartphone (iPhone 11 Pro Max, 12 Pro Max, 13 Pro Max, 14 Pro Max, Samsung S21 ultra, S22 ultra etc)<br \/>\n&#8211; Fait de mat\u00e9riaux doux de haute qualit\u00e9<br \/>\n&#8211; Poids l\u00e9ger, flexible et facile \u00e0 porter<br \/>\n&#8211; Lavable et facile \u00e0 enlever<br \/>\n&#8211; Une solution de protection \u00e9l\u00e9gante pour l\u2019appareil le plus \u00e9l\u00e9gant qui soit.<br \/>\n&#8211; En raison de la haute qualit\u00e9 du mat\u00e9riau, l\u2019\u00e9tui est une solution de protection durable pour votre t\u00e9l\u00e9phone co\u00fbteux<br \/>\n&#8211; Le mat\u00e9riau souple garde votre t\u00e9l\u00e9phone aussi neuf qu\u2019il l\u2019a achet\u00e9 aujourd\u2019hui.<br \/>\n&#8211; Acc\u00e8s \u00e0 tous les ports, boutons et fentes pour une utilisation facile.<br \/>\n&#8211; La sangle super r\u00e9sistante assure la s\u00e9curit\u00e9 de l\u2019appareil.<br \/>\n&#8211; Peut \u00eatre facilement mis et retir\u00e9<br \/>\n&#8211; Vous pouvez courir, monter, soulever et plus sans manquer une seconde de vos airs pr\u00e9f\u00e9r\u00e9s<\/p>\n","protected":false},"featured_media":122,"comment_status":"open","ping_status":"closed","template":"","meta":[],"product_brand":[],"product_cat":[22],"product_tag":[],"class_list":{"0":"post-121","1":"product","2":"type-product","3":"status-publish","4":"has-post-thumbnail","6":"product_cat-sport","8":"first","9":"instock","10":"shipping-taxable","11":"purchasable","12":"product-type-variable"},"jetpack_sharing_enabled":true,"_links":{"self":[{"href":"https:\/\/smartphun.com\/index.php?rest_route=\/wp\/v2\/product\/121","targetHints":{"allow":["GET"]}}],"collection":[{"href":"https:\/\/smartphun.com\/index.php?rest_route=\/wp\/v2\/product"}],"about":[{"href":"https:\/\/smartphun.com\/index.php?rest_route=\/wp\/v2\/types\/product"}],"replies":[{"embeddable":true,"href":"https:\/\/smartphun.com\/index.php?rest_route=%2Fwp%2Fv2%2Fcomments&post=121"}],"wp:featuredmedia":[{"embeddable":true,"href":"https:\/\/smartphun.com\/index.php?rest_route=\/wp\/v2\/media\/122"}],"wp:attachment":[{"href":"https:\/\/smartphun.com\/index.php?rest_route=%2Fwp%2Fv2%2Fmedia&parent=121"}],"wp:term":[{"taxonomy":"product_brand","embeddable":true,"href":"https:\/\/smartphun.com\/index.php?rest_route=%2Fwp%2Fv2%2Fproduct_brand&post=121"},{"taxonomy":"product_cat","embeddable":true,"href":"https:\/\/smartphun.com\/index.php?rest_route=%2Fwp%2Fv2%2Fproduct_cat&post=121"},{"taxonomy":"product_tag","embeddable":true,"href":"https:\/\/smartphun.com\/index.php?rest_route=%2Fwp%2Fv2%2Fproduct_tag&post=121"}],"curies":[{"name":"wp","href":"https:\/\/api.w.org\/{rel}","templated":true}]}}