{"id":144,"date":"2025-02-25T17:45:33","date_gmt":"2025-02-25T17:45:33","guid":{"rendered":"https:\/\/smartphun.com\/?post_type=product&#038;p=144"},"modified":"2025-02-25T17:45:33","modified_gmt":"2025-02-25T17:45:33","slug":"cable-usb-c-vers-rca","status":"publish","type":"product","link":"https:\/\/smartphun.com\/?product=cable-usb-c-vers-rca","title":{"rendered":"C\u00e2ble USB-C vers RCA"},"content":{"rendered":"<p>C\u00e2ble USB-C vers RCA<\/p>\n<p>Permet de relier votre iPhone 15 ou un appareil Android ou tout autre appareil \u00e9quip\u00e9 d&rsquo;un port USB-C \u00e0 un ampli ou une table de mixage et b\u00e9n\u00e9ficier ainsi d&rsquo;un son en qualit\u00e9 CD.<br \/>\nConnecteurs plaqu\u00e9 or et cuivre.<br \/>\nCouleur : noir<br \/>\nLongueur : 1m<\/p>\n","protected":false},"excerpt":{"rendered":"<p>C\u00e2ble USB-C vers RCA Permet de relier votre iPhone 15 ou un appareil Android ou tout autre appareil \u00e9quip\u00e9 d&rsquo;un port USB-C \u00e0 un ampli ou une table de mixage et b\u00e9n\u00e9ficier ainsi d&rsquo;un son en qualit\u00e9 CD. Connecteurs plaqu\u00e9 or et cuivre. Couleur : noir Longueur : 1m<\/p>\n","protected":false},"featured_media":145,"comment_status":"open","ping_status":"closed","template":"","meta":[],"product_brand":[],"product_cat":[18],"product_tag":[],"class_list":{"0":"post-144","1":"product","2":"type-product","3":"status-publish","4":"has-post-thumbnail","6":"product_cat-cables","8":"first","9":"instock","10":"shipping-taxable","11":"purchasable","12":"product-type-simple"},"jetpack_sharing_enabled":true,"_links":{"self":[{"href":"https:\/\/smartphun.com\/index.php?rest_route=\/wp\/v2\/product\/144","targetHints":{"allow":["GET"]}}],"collection":[{"href":"https:\/\/smartphun.com\/index.php?rest_route=\/wp\/v2\/product"}],"about":[{"href":"https:\/\/smartphun.com\/index.php?rest_route=\/wp\/v2\/types\/product"}],"replies":[{"embeddable":true,"href":"https:\/\/smartphun.com\/index.php?rest_route=%2Fwp%2Fv2%2Fcomments&post=144"}],"wp:featuredmedia":[{"embeddable":true,"href":"https:\/\/smartphun.com\/index.php?rest_route=\/wp\/v2\/media\/145"}],"wp:attachment":[{"href":"https:\/\/smartphun.com\/index.php?rest_route=%2Fwp%2Fv2%2Fmedia&parent=144"}],"wp:term":[{"taxonomy":"product_brand","embeddable":true,"href":"https:\/\/smartphun.com\/index.php?rest_route=%2Fwp%2Fv2%2Fproduct_brand&post=144"},{"taxonomy":"product_cat","embeddable":true,"href":"https:\/\/smartphun.com\/index.php?rest_route=%2Fwp%2Fv2%2Fproduct_cat&post=144"},{"taxonomy":"product_tag","embeddable":true,"href":"https:\/\/smartphun.com\/index.php?rest_route=%2Fwp%2Fv2%2Fproduct_tag&post=144"}],"curies":[{"name":"wp","href":"https:\/\/api.w.org\/{rel}","templated":true}]}}