{"id":202,"date":"2025-03-27T21:06:31","date_gmt":"2025-03-27T21:06:31","guid":{"rendered":"https:\/\/smartphun.com\/?post_type=product&#038;p=202"},"modified":"2025-03-27T21:06:31","modified_gmt":"2025-03-27T21:06:31","slug":"cable-usb-c-vers-micro-b-ugreen-pour-disque-dur","status":"publish","type":"product","link":"https:\/\/smartphun.com\/?product=cable-usb-c-vers-micro-b-ugreen-pour-disque-dur","title":{"rendered":"Cable USB-C vers micro B UGREEN pour disque dur"},"content":{"rendered":"<p>Cable USB-C vers micro B UGREEN pour disque dur<\/p>\n<p>Utilisez vos anciens disques durs USB 3.0 sur les ordinateurs r\u00e9cents<br \/>\nTransfert de donn\u00e9es \u00e0 grande vitesse<br \/>\nLongueur du c\u00e2bles : 0,50m<\/p>\n","protected":false},"excerpt":{"rendered":"<p>Cable USB-C vers micro B UGREEN pour disque dur Utilisez vos anciens disques durs USB 3.0 sur les ordinateurs r\u00e9cents Transfert de donn\u00e9es \u00e0 grande vitesse Longueur du c\u00e2bles : 0,50m<\/p>\n","protected":false},"featured_media":203,"comment_status":"open","ping_status":"closed","template":"","meta":[],"product_brand":[],"product_cat":[18],"product_tag":[],"class_list":{"0":"post-202","1":"product","2":"type-product","3":"status-publish","4":"has-post-thumbnail","6":"product_cat-cables","8":"first","9":"instock","10":"shipping-taxable","11":"purchasable","12":"product-type-simple"},"jetpack_sharing_enabled":true,"_links":{"self":[{"href":"https:\/\/smartphun.com\/index.php?rest_route=\/wp\/v2\/product\/202","targetHints":{"allow":["GET"]}}],"collection":[{"href":"https:\/\/smartphun.com\/index.php?rest_route=\/wp\/v2\/product"}],"about":[{"href":"https:\/\/smartphun.com\/index.php?rest_route=\/wp\/v2\/types\/product"}],"replies":[{"embeddable":true,"href":"https:\/\/smartphun.com\/index.php?rest_route=%2Fwp%2Fv2%2Fcomments&post=202"}],"wp:featuredmedia":[{"embeddable":true,"href":"https:\/\/smartphun.com\/index.php?rest_route=\/wp\/v2\/media\/203"}],"wp:attachment":[{"href":"https:\/\/smartphun.com\/index.php?rest_route=%2Fwp%2Fv2%2Fmedia&parent=202"}],"wp:term":[{"taxonomy":"product_brand","embeddable":true,"href":"https:\/\/smartphun.com\/index.php?rest_route=%2Fwp%2Fv2%2Fproduct_brand&post=202"},{"taxonomy":"product_cat","embeddable":true,"href":"https:\/\/smartphun.com\/index.php?rest_route=%2Fwp%2Fv2%2Fproduct_cat&post=202"},{"taxonomy":"product_tag","embeddable":true,"href":"https:\/\/smartphun.com\/index.php?rest_route=%2Fwp%2Fv2%2Fproduct_tag&post=202"}],"curies":[{"name":"wp","href":"https:\/\/api.w.org\/{rel}","templated":true}]}}