{"id":234,"date":"2025-02-14T17:55:50","date_gmt":"2025-02-14T17:55:50","guid":{"rendered":"https:\/\/smartphun.com\/?post_type=product&#038;p=234"},"modified":"2025-04-03T17:56:35","modified_gmt":"2025-04-03T17:56:35","slug":"chargeur-de-batterie-de-voiture","status":"publish","type":"product","link":"https:\/\/smartphun.com\/?product=chargeur-de-batterie-de-voiture","title":{"rendered":"Chargeur de batterie de voiture"},"content":{"rendered":"<p>Charge efficace 6A 12V :Ce chargeur de batterie de voiture EAFc offre une charge efficace de 6A \u00e0 12V, permettant une recharge rapide et efficace de vos batteries. \u00bf<br \/>\nCompatibilit\u00e9 avec les motos et les voitures :Con\u00e7u pour \u00eatre compatible avec les batteries de voitures et de motos, ce chargeur est un accessoire polyvalent pour tous les propri\u00e9taires de v\u00e9hicules. \u00bf<br \/>\nAffichage LCD intelligent :Dot\u00e9 d&rsquo;un affichage LCD intelligent, ce chargeur vous permet de suivre facilement le processus de charge de votre batterie. \u00bf<br \/>\nMarque de confiance EAFc :Produit par EAFc, une marque reconnue pour la qualit\u00e9 de ses produits, vous pouvez faire confiance \u00e0 ce chargeur de batterie. \u00bf<br \/>\nOrigine : Chine continentale Sp\u00e9cifications: Nom: Chargeur intelligent 12V 6A Mat\u00e9riau: coquille en plastique Dimensions:( l\u00d7 w\u00d7 h): 150 \u00d7 85 \u00d7 62mm Tension: 12V Types de batteries: La plupart des types de batteries au plomb-acide, y compris le calcium, le GEL et l&rsquo;AGM, Wet,EFB, etc. D\u00e9tection de tension: Oui Technologie Switchmode: Oui Protection de polarit\u00e9: Oui Protection courte de sortie: Oui Non lien de batterie protection: Oui Au-dessus de la protection de tension: Oui Au-dessus de la protection de la temp\u00e9rature: Oui Refroidissement: Ventilateur Tension d&rsquo;entr\u00e9e: AC 110-220V, 50-60Hz Tension de d\u00e9marrage minimale: 8.0V Gamme de batterie: 4-100Ah Protection thermique: 65&rsquo;C +\/-5&rsquo;C Efficacit\u00e9: App. 85%. Normes conformes: CE,FCC,ROHS,CMA Caract\u00e9ristiques:<br \/>\n-Microprocesseur contr\u00f4l\u00e9<br \/>\n-Mode interrupteur automatique professionnel<br \/>\n-Pour charger AGM,GEL,SLA et batteries humides<br \/>\n-Affichage LCD et charge de r\u00e9paration de presse<br \/>\n-Protection contre la surchauffe, la surcharge, les courts-circuits et la polarit\u00e9 invers\u00e9e<br \/>\n-Maximise la vie de la batterie<\/p>\n<p>La boite contient: 1x12V 6A Chargeur Intelligent 1 x Manuel Couleur : jaune<\/p>\n<p>1. Pince rouge (positif) &gt;&gt; Borne rouge + \u00a0 \u00a0 \u00a0Pince noire (n\u00e9gatif) &gt;&gt; Borne &#8211;<br \/>\n2. Branchez le chargeur au secteur 220 V.<br \/>\n3. S\u00e9lectionnez le mode souhait\u00e9 et la charge d\u00e9marrera<\/p>\n","protected":false},"excerpt":{"rendered":"<p>Charge efficace 6A 12V :Ce chargeur de batterie de voiture EAFc offre une charge efficace de 6A \u00e0 12V, permettant une recharge rapide et efficace de vos batteries. \u00bf Compatibilit\u00e9 avec les motos et les voitures :Con\u00e7u pour \u00eatre compatible avec les batteries de voitures et de motos, ce chargeur est un accessoire polyvalent pour [&#8230;]\n","protected":false},"featured_media":237,"comment_status":"open","ping_status":"closed","template":"","meta":[],"product_brand":[],"product_cat":[37],"product_tag":[],"class_list":{"0":"post-234","1":"product","2":"type-product","3":"status-publish","4":"has-post-thumbnail","6":"product_cat-chargeurs","8":"first","9":"instock","10":"shipping-taxable","11":"purchasable","12":"product-type-simple"},"jetpack_sharing_enabled":true,"_links":{"self":[{"href":"https:\/\/smartphun.com\/index.php?rest_route=\/wp\/v2\/product\/234","targetHints":{"allow":["GET"]}}],"collection":[{"href":"https:\/\/smartphun.com\/index.php?rest_route=\/wp\/v2\/product"}],"about":[{"href":"https:\/\/smartphun.com\/index.php?rest_route=\/wp\/v2\/types\/product"}],"replies":[{"embeddable":true,"href":"https:\/\/smartphun.com\/index.php?rest_route=%2Fwp%2Fv2%2Fcomments&post=234"}],"wp:featuredmedia":[{"embeddable":true,"href":"https:\/\/smartphun.com\/index.php?rest_route=\/wp\/v2\/media\/237"}],"wp:attachment":[{"href":"https:\/\/smartphun.com\/index.php?rest_route=%2Fwp%2Fv2%2Fmedia&parent=234"}],"wp:term":[{"taxonomy":"product_brand","embeddable":true,"href":"https:\/\/smartphun.com\/index.php?rest_route=%2Fwp%2Fv2%2Fproduct_brand&post=234"},{"taxonomy":"product_cat","embeddable":true,"href":"https:\/\/smartphun.com\/index.php?rest_route=%2Fwp%2Fv2%2Fproduct_cat&post=234"},{"taxonomy":"product_tag","embeddable":true,"href":"https:\/\/smartphun.com\/index.php?rest_route=%2Fwp%2Fv2%2Fproduct_tag&post=234"}],"curies":[{"name":"wp","href":"https:\/\/api.w.org\/{rel}","templated":true}]}}