{"id":243,"date":"2025-04-05T17:34:40","date_gmt":"2025-04-05T17:34:40","guid":{"rendered":"https:\/\/smartphun.com\/?post_type=product&#038;p=243"},"modified":"2025-04-05T17:34:40","modified_gmt":"2025-04-05T17:34:40","slug":"chargeur-rapide-20w-usb-c-ugreen","status":"publish","type":"product","link":"https:\/\/smartphun.com\/?product=chargeur-rapide-20w-usb-c-ugreen","title":{"rendered":"Chargeur rapide 20W USB C UGREEN"},"content":{"rendered":"<h3>Parfait pour les s\u00e9ries iPhone 8-16<\/h3>\n<p>Charge 60% en 30 minutes<br \/>\n(Pour iPhone 8-13)<\/p>\n<h3>3X plus rapide que votre ancien chargeur<\/h3>\n<p>Ps: par rapport aux tests internes utilisant un chargeur original de 5W pour charger un iPhone 12 de 0% \u00e0 50%<\/p>\n<h3>Plusieurs protocoles de charge rapide<\/h3>\n<p>Le chargeur mural USB C est \u00e9galement compatible avec Quick Charge 4.0, 3.0 et 2.0, qui peut charger rapidement vos appareils \u00e0 charge rapide tels que Samsung Galaxy S10, S10 Plus, Note 9, s9 Plus, S8<\/p>\n<h3>Pour tous vos iPhone et iPad<\/h3>\n<p>Utilisez un c\u00e2ble USB-C vers Lightning pour les appareils Lightning et utilisez un c\u00e2ble USB-C vers USB-C pour les appareils USB-C<\/p>\n<h3>Charge rapide pour vos appareils Android<\/h3>\n<p>Seulement besoin de 1.4 heures de charge compl\u00e8te pour Xiaomi 9 et 2 heures pour Huawei mate 30 pro<\/p>\n<h3>Large Compatibilit\u00e9<\/h3>\n<p>Fonctionne avec pratiquement tous les appareils portables, y compris les t\u00e9l\u00e9phones, tablettes et autres. Utilisez un c\u00e2ble USB-C vers C pour USB-C appareils, ou un c\u00e2ble USB-C vers Lightning pour iPhone<\/p>\n<h3>Protection int\u00e9grale<\/h3>\n<p>Avec la puce intelligente \u00e0 l\u2019int\u00e9rieur, le chargeur mural PD correspond automatiquement au courant selon les besoins de votre appareil. La protection contre les surintensit\u00e9s, les surtensions et les courts-circuits prot\u00e8ge efficacement vos appareils contre les dommages et assure une charge plus s\u00fbre pendant la nuit.<\/p>\n<h3>Compagnon De Voyage id\u00e9al<\/h3>\n<p>Un design l\u00e9ger et compact, il ne bloquera pas les autres ports sur la prise murale, vous aurez acc\u00e8s \u00e0 une charge rapide o\u00f9 que vous alliez<\/p>\n<h3>Choix multiples<\/h3>\n<p>Utilisez un c\u00e2ble USB-C vers Lightning pour les appareils Lightning et utilisez un c\u00e2ble USB-C vers USB-C pour les appareils USB-C<\/p>\n<p>Cable non fourni.<\/p>\n","protected":false},"excerpt":{"rendered":"<p>Parfait pour les s\u00e9ries iPhone 8-16 Charge 60% en 30 minutes (Pour iPhone 8-13) 3X plus rapide que votre ancien chargeur Ps: par rapport aux tests internes utilisant un chargeur original de 5W pour charger un iPhone 12 de 0% \u00e0 50% Plusieurs protocoles de charge rapide Le chargeur mural USB C est \u00e9galement compatible [&#8230;]\n","protected":false},"featured_media":244,"comment_status":"open","ping_status":"closed","template":"","meta":[],"product_brand":[],"product_cat":[37],"product_tag":[],"class_list":{"0":"post-243","1":"product","2":"type-product","3":"status-publish","4":"has-post-thumbnail","6":"product_cat-chargeurs","8":"first","9":"instock","10":"shipping-taxable","11":"purchasable","12":"product-type-simple"},"jetpack_sharing_enabled":true,"_links":{"self":[{"href":"https:\/\/smartphun.com\/index.php?rest_route=\/wp\/v2\/product\/243","targetHints":{"allow":["GET"]}}],"collection":[{"href":"https:\/\/smartphun.com\/index.php?rest_route=\/wp\/v2\/product"}],"about":[{"href":"https:\/\/smartphun.com\/index.php?rest_route=\/wp\/v2\/types\/product"}],"replies":[{"embeddable":true,"href":"https:\/\/smartphun.com\/index.php?rest_route=%2Fwp%2Fv2%2Fcomments&post=243"}],"wp:featuredmedia":[{"embeddable":true,"href":"https:\/\/smartphun.com\/index.php?rest_route=\/wp\/v2\/media\/244"}],"wp:attachment":[{"href":"https:\/\/smartphun.com\/index.php?rest_route=%2Fwp%2Fv2%2Fmedia&parent=243"}],"wp:term":[{"taxonomy":"product_brand","embeddable":true,"href":"https:\/\/smartphun.com\/index.php?rest_route=%2Fwp%2Fv2%2Fproduct_brand&post=243"},{"taxonomy":"product_cat","embeddable":true,"href":"https:\/\/smartphun.com\/index.php?rest_route=%2Fwp%2Fv2%2Fproduct_cat&post=243"},{"taxonomy":"product_tag","embeddable":true,"href":"https:\/\/smartphun.com\/index.php?rest_route=%2Fwp%2Fv2%2Fproduct_tag&post=243"}],"curies":[{"name":"wp","href":"https:\/\/api.w.org\/{rel}","templated":true}]}}