{"id":295,"date":"2025-02-19T18:10:04","date_gmt":"2025-02-19T18:10:04","guid":{"rendered":"https:\/\/smartphun.com\/?post_type=product&#038;p=295"},"modified":"2025-04-14T18:11:28","modified_gmt":"2025-04-14T18:11:28","slug":"dock-pour-mac-mini-hagibis","status":"publish","type":"product","link":"https:\/\/smartphun.com\/?product=dock-pour-mac-mini-hagibis","title":{"rendered":"Dock pour Mac Mini Hagibis"},"content":{"rendered":"<p><span data-spm-anchor-id=\"a2g0o.detail.1000023.i0.783dAwIFAwIFiN\">Dock pour Mac Mini Hagibis<\/span><\/p>\n<p>Le hub USB-C Hagibis avec double bo\u00eetier de disque dur dispose de plusieurs interfaces pour r\u00e9pondre \u00e0 plusieurs besoins. M\u00eame taille, mat\u00e9riau en alliage, plug and play, l\u00e9ger, solide, dissipation thermique rapide, plus adapt\u00e9 \u00e0 votre Mac Mini<\/p>\n<p align=\"start\">Interfaces multiples:\u00a0Hagibis Mac Mini Dock avec M.2 NVMe\/NGFF, bo\u00eetier disque dur SATA 2,5 pouces, 4k @ 60Hz DP1.4, 10Gbps USB3.1 Gen2, USB-C 10Gbps, 2 5Gbps USB3.0, emplacement pour carte SD\/Micro SD. Diverses interfaces r\u00e9pondent \u00e0 tous vos besoins. * Lorsque USB-C (A) se connecte aux appareils, toutes les interfaces sauf DisplayPort peuvent \u00eatre utilis\u00e9es. Lorsque USB-C (B) se connecte \u00e0 des appareils, il ne peut utiliser que l&rsquo;interface DisplayPort. Les ports \u00e0 double USB-C se connectent \u00e0 l&rsquo;appareil en m\u00eame temps, toutes les interfaces peuvent \u00eatre utilis\u00e9es<\/p>\n<p align=\"start\">Double expansion d&rsquo;\u00e9cran:\u00a0Prend en charge la haute r\u00e9solution 4K\/60Hz, laissez le Mac Mini atteindre un double \u00e9cran \u00e9tendu ou en miroir. * Lorsque vous utilisez le port DP, vous devez connecter USB-C(B) \u00e0 l&rsquo;appareil<\/p>\n<p align=\"start\">Conception de bo\u00eetier double disque dur:\u00a0Compatible avec les disques durs M.2 (NVMe \/ NGFF) et 2,5 pouces (Mechanical \/ Solid State) (Disque dur de 10mm), prend en charge la lecture et l&rsquo;\u00e9criture de deux disques durs en m\u00eame temps. * Lorsque les disques durs doubles sont utilis\u00e9s en m\u00eame temps, la consommation d&rsquo;\u00e9nergie est importante. Afin d&rsquo;\u00e9viter une alimentation insuffisante, il est recommand\u00e9 d&rsquo;ajouter de la puissance \u00e0 USB-C(B) port tomake le travail plus stable<\/p>\n<p align=\"start\">Transmission \u00e0 grande vitesse: Il suffit de 1 seconde pour transmettre des fichiers 1G volumineux.<\/p>\n","protected":false},"excerpt":{"rendered":"<p>Dock pour Mac Mini Hagibis Le hub USB-C Hagibis avec double bo\u00eetier de disque dur dispose de plusieurs interfaces pour r\u00e9pondre \u00e0 plusieurs besoins. M\u00eame taille, mat\u00e9riau en alliage, plug and play, l\u00e9ger, solide, dissipation thermique rapide, plus adapt\u00e9 \u00e0 votre Mac Mini Interfaces multiples:\u00a0Hagibis Mac Mini Dock avec M.2 NVMe\/NGFF, bo\u00eetier disque dur SATA [&#8230;]\n","protected":false},"featured_media":296,"comment_status":"open","ping_status":"closed","template":"","meta":[],"product_brand":[],"product_cat":[46],"product_tag":[47],"class_list":{"0":"post-295","1":"product","2":"type-product","3":"status-publish","4":"has-post-thumbnail","6":"product_cat-hubs","7":"product_tag-hubs","9":"first","10":"outofstock","11":"shipping-taxable","12":"purchasable","13":"product-type-simple"},"jetpack_sharing_enabled":true,"_links":{"self":[{"href":"https:\/\/smartphun.com\/index.php?rest_route=\/wp\/v2\/product\/295","targetHints":{"allow":["GET"]}}],"collection":[{"href":"https:\/\/smartphun.com\/index.php?rest_route=\/wp\/v2\/product"}],"about":[{"href":"https:\/\/smartphun.com\/index.php?rest_route=\/wp\/v2\/types\/product"}],"replies":[{"embeddable":true,"href":"https:\/\/smartphun.com\/index.php?rest_route=%2Fwp%2Fv2%2Fcomments&post=295"}],"wp:featuredmedia":[{"embeddable":true,"href":"https:\/\/smartphun.com\/index.php?rest_route=\/wp\/v2\/media\/296"}],"wp:attachment":[{"href":"https:\/\/smartphun.com\/index.php?rest_route=%2Fwp%2Fv2%2Fmedia&parent=295"}],"wp:term":[{"taxonomy":"product_brand","embeddable":true,"href":"https:\/\/smartphun.com\/index.php?rest_route=%2Fwp%2Fv2%2Fproduct_brand&post=295"},{"taxonomy":"product_cat","embeddable":true,"href":"https:\/\/smartphun.com\/index.php?rest_route=%2Fwp%2Fv2%2Fproduct_cat&post=295"},{"taxonomy":"product_tag","embeddable":true,"href":"https:\/\/smartphun.com\/index.php?rest_route=%2Fwp%2Fv2%2Fproduct_tag&post=295"}],"curies":[{"name":"wp","href":"https:\/\/api.w.org\/{rel}","templated":true}]}}