{"id":300,"date":"2025-04-14T18:16:12","date_gmt":"2025-04-14T18:16:12","guid":{"rendered":"https:\/\/smartphun.com\/?post_type=product&#038;p=300"},"modified":"2025-04-14T18:16:13","modified_gmt":"2025-04-14T18:16:13","slug":"emetteur-recepteur-audio-bluetooth-5-3-2-en-1","status":"publish","type":"product","link":"https:\/\/smartphun.com\/?product=emetteur-recepteur-audio-bluetooth-5-3-2-en-1","title":{"rendered":"\u00c9metteur-r\u00e9cepteur audio Bluetooth 5.3, 2 en 1"},"content":{"rendered":"<p><strong>\u00c9metteur-r\u00e9cepteur audio Bluetooth 5.3, 2 en 1<\/strong><\/p>\n<p>Profitez de connexions plus rapides et plus stables gr\u00e2ce \u00e0 la derni\u00e8re technologie de 5.3 Bluetooth.<\/p>\n<p>Cet appareil peut \u00eatre utilis\u00e9 \u00e0 la fois comme r\u00e9cepteur audio et comme \u00e9metteur, ce qui le rend polyvalent et pratique.<\/p>\n<p>Connectez vos \u00e9couteurs ou haut-parleurs \u00e0 votre t\u00e9l\u00e9viseur, PC ou voiture facilement \u00e0 l&rsquo;aide de la prise auxiliaire 3.5mm et du dongle adaptateur de musique st\u00e9r\u00e9o sans fil RCA.<\/p>\n<p>Profitez d&rsquo;un son de haute qualit\u00e9 avec prise en charge des pistes sonores haute d\u00e9finition.<\/p>\n<p>Caract\u00e9ristiques principales:<\/p>\n<p>&#8212; Aliment\u00e9 par USB (pas de batterie int\u00e9gr\u00e9e)<\/p>\n<p>&#8212; Fonction deux-en-un, fonctions de r\u00e9ception et d&rsquo;\u00e9metteur de soutien, sans microphone.<\/p>\n<p>&#8212; Double flux, connection multipoint<\/p>\n<p>Fonction \u00e9metteur Bluetooth, peut connecter 2 casques Bluetooth en m\u00eame temps (utilisez le m\u00eame casque\/haut-parleur Bluetooth, l&rsquo;effet sera meilleur)<\/p>\n<p>Fonction r\u00e9cepteur Bluetooth, permet d&rsquo;appairer 2 smartphones.<\/p>\n","protected":false},"excerpt":{"rendered":"<p>\u00c9metteur-r\u00e9cepteur audio Bluetooth 5.3, 2 en 1 Profitez de connexions plus rapides et plus stables gr\u00e2ce \u00e0 la derni\u00e8re technologie de 5.3 Bluetooth. Cet appareil peut \u00eatre utilis\u00e9 \u00e0 la fois comme r\u00e9cepteur audio et comme \u00e9metteur, ce qui le rend polyvalent et pratique. Connectez vos \u00e9couteurs ou haut-parleurs \u00e0 votre t\u00e9l\u00e9viseur, PC ou voiture [&#8230;]\n","protected":false},"featured_media":304,"comment_status":"open","ping_status":"closed","template":"","meta":[],"product_brand":[],"product_cat":[45],"product_tag":[],"class_list":{"0":"post-300","1":"product","2":"type-product","3":"status-publish","4":"has-post-thumbnail","6":"product_cat-audio","8":"first","9":"instock","10":"shipping-taxable","11":"purchasable","12":"product-type-simple"},"jetpack_sharing_enabled":true,"_links":{"self":[{"href":"https:\/\/smartphun.com\/index.php?rest_route=\/wp\/v2\/product\/300","targetHints":{"allow":["GET"]}}],"collection":[{"href":"https:\/\/smartphun.com\/index.php?rest_route=\/wp\/v2\/product"}],"about":[{"href":"https:\/\/smartphun.com\/index.php?rest_route=\/wp\/v2\/types\/product"}],"replies":[{"embeddable":true,"href":"https:\/\/smartphun.com\/index.php?rest_route=%2Fwp%2Fv2%2Fcomments&post=300"}],"wp:featuredmedia":[{"embeddable":true,"href":"https:\/\/smartphun.com\/index.php?rest_route=\/wp\/v2\/media\/304"}],"wp:attachment":[{"href":"https:\/\/smartphun.com\/index.php?rest_route=%2Fwp%2Fv2%2Fmedia&parent=300"}],"wp:term":[{"taxonomy":"product_brand","embeddable":true,"href":"https:\/\/smartphun.com\/index.php?rest_route=%2Fwp%2Fv2%2Fproduct_brand&post=300"},{"taxonomy":"product_cat","embeddable":true,"href":"https:\/\/smartphun.com\/index.php?rest_route=%2Fwp%2Fv2%2Fproduct_cat&post=300"},{"taxonomy":"product_tag","embeddable":true,"href":"https:\/\/smartphun.com\/index.php?rest_route=%2Fwp%2Fv2%2Fproduct_tag&post=300"}],"curies":[{"name":"wp","href":"https:\/\/api.w.org\/{rel}","templated":true}]}}