{"id":335,"date":"2025-04-29T15:50:32","date_gmt":"2025-04-29T15:50:32","guid":{"rendered":"https:\/\/smartphun.com\/?post_type=product&#038;p=335"},"modified":"2025-04-29T15:50:33","modified_gmt":"2025-04-29T15:50:33","slug":"rallonge-prolongateur-usb-3-0-2-0","status":"publish","type":"product","link":"https:\/\/smartphun.com\/?product=rallonge-prolongateur-usb-3-0-2-0","title":{"rendered":"Rallonge prolongateur USB 3.0 \/ 2.0"},"content":{"rendered":"<p>Rallonge prolongateur USB 3.0 \/ 2.0<br \/>\nUSB-A m\u00e2le \/ USB-A femelle<br \/>\nPermet d&rsquo;ajouter 1m \u00e0 la longueur de votre cable USB.<br \/>\nCe c\u00e2ble d&rsquo;extension USB 3.0 prend en charge la vitesse jusqu&rsquo;\u00e0 5Gbps ,10 fois plus rapide que le c\u00e2ble d&rsquo;extension USB 2.0 et transf\u00e8re un fichier de 1 Go en 5 secondes.<br \/>\n\u00c9galement r\u00e9trocompatible avec USB 2.0, 1.1 et 1.0 (vitesse limit\u00e9e par bus USB).<br \/>\nPlug &amp; Play sur syst\u00e8me universel, aucun pilote requis.<br \/>\nChaque d\u00e9tail de la conception a \u00e9t\u00e9 pens\u00e9 pour obtenir des performances \u00e9lev\u00e9es.<br \/>\nL&rsquo;interface nickel\u00e9e rend la prise r\u00e9sistante \u00e0 l&rsquo;usure, anti-oxydante, et assure un transfert de donn\u00e9e stable \u00e0 travers le temps.<br \/>\nCompatible avec ordinateur portable, souris, clavier, bureau, disque dur, disque U, t\u00e9l\u00e9phone portable, poign\u00e9e de jeu, TV, USB dans la voiture et d&rsquo;autres appareils.<br \/>\nLongueur : 1m<br \/>\nCouleur : noir et gris<\/p>\n","protected":false},"excerpt":{"rendered":"<p>Rallonge prolongateur USB 3.0 \/ 2.0 USB-A m\u00e2le \/ USB-A femelle Permet d&rsquo;ajouter 1m \u00e0 la longueur de votre cable USB. Ce c\u00e2ble d&rsquo;extension USB 3.0 prend en charge la vitesse jusqu&rsquo;\u00e0 5Gbps ,10 fois plus rapide que le c\u00e2ble d&rsquo;extension USB 2.0 et transf\u00e8re un fichier de 1 Go en 5 secondes. \u00c9galement r\u00e9trocompatible [&#8230;]\n","protected":false},"featured_media":336,"comment_status":"open","ping_status":"closed","template":"","meta":[],"product_brand":[],"product_cat":[18],"product_tag":[],"class_list":{"0":"post-335","1":"product","2":"type-product","3":"status-publish","4":"has-post-thumbnail","6":"product_cat-cables","8":"first","9":"instock","10":"shipping-taxable","11":"purchasable","12":"product-type-simple"},"jetpack_sharing_enabled":true,"_links":{"self":[{"href":"https:\/\/smartphun.com\/index.php?rest_route=\/wp\/v2\/product\/335","targetHints":{"allow":["GET"]}}],"collection":[{"href":"https:\/\/smartphun.com\/index.php?rest_route=\/wp\/v2\/product"}],"about":[{"href":"https:\/\/smartphun.com\/index.php?rest_route=\/wp\/v2\/types\/product"}],"replies":[{"embeddable":true,"href":"https:\/\/smartphun.com\/index.php?rest_route=%2Fwp%2Fv2%2Fcomments&post=335"}],"wp:featuredmedia":[{"embeddable":true,"href":"https:\/\/smartphun.com\/index.php?rest_route=\/wp\/v2\/media\/336"}],"wp:attachment":[{"href":"https:\/\/smartphun.com\/index.php?rest_route=%2Fwp%2Fv2%2Fmedia&parent=335"}],"wp:term":[{"taxonomy":"product_brand","embeddable":true,"href":"https:\/\/smartphun.com\/index.php?rest_route=%2Fwp%2Fv2%2Fproduct_brand&post=335"},{"taxonomy":"product_cat","embeddable":true,"href":"https:\/\/smartphun.com\/index.php?rest_route=%2Fwp%2Fv2%2Fproduct_cat&post=335"},{"taxonomy":"product_tag","embeddable":true,"href":"https:\/\/smartphun.com\/index.php?rest_route=%2Fwp%2Fv2%2Fproduct_tag&post=335"}],"curies":[{"name":"wp","href":"https:\/\/api.w.org\/{rel}","templated":true}]}}