{"id":441,"date":"2025-11-04T09:39:03","date_gmt":"2025-11-04T09:39:03","guid":{"rendered":"https:\/\/smartphun.com\/?post_type=product&#038;p=441"},"modified":"2025-11-04T09:54:09","modified_gmt":"2025-11-04T09:54:09","slug":"telecommande-de-remplacement-pour-smart-tv-samsung","status":"publish","type":"product","link":"https:\/\/smartphun.com\/?product=telecommande-de-remplacement-pour-smart-tv-samsung","title":{"rendered":"T\u00e9l\u00e9commande de remplacement pour Smart TV Samsung"},"content":{"rendered":"<p><strong>T\u00e9l\u00e9commande de remplacement pour Smart TV Samsung<\/strong><\/p>\n<p>Telecommande BN59-01358D de remplacement pour SMART TV SAMSUNG<br \/>\nCompatible avec les mod\u00e8les UE43AU7100U UE43AU7500U UE50AU7100U QN85Q70AAGXZS QN50Q60AAG<br \/>\nMod\u00e8le : BN59-01358D<br \/>\nAlimentation : 2 piles AAA (non incluses)<br \/>\nDimensions : 16cm x 3,5cm x 1cm<br \/>\nCouleur : noir<\/p>\n","protected":false},"excerpt":{"rendered":"<p>T\u00e9l\u00e9commande de remplacement pour Smart TV Samsung Telecommande BN59-01358D de remplacement pour SMART TV SAMSUNG Compatible avec les mod\u00e8les UE43AU7100U UE43AU7500U UE50AU7100U QN85Q70AAGXZS QN50Q60AAG Mod\u00e8le : BN59-01358D Alimentation : 2 piles AAA (non incluses) Dimensions : 16cm x 3,5cm x 1cm Couleur : noir<\/p>\n","protected":false},"featured_media":442,"comment_status":"open","ping_status":"closed","template":"","meta":[],"product_brand":[],"product_cat":[53],"product_tag":[],"class_list":{"0":"post-441","1":"product","2":"type-product","3":"status-publish","4":"has-post-thumbnail","6":"product_cat-telecommande","8":"first","9":"instock","10":"shipping-taxable","11":"purchasable","12":"product-type-simple"},"jetpack_sharing_enabled":true,"_links":{"self":[{"href":"https:\/\/smartphun.com\/index.php?rest_route=\/wp\/v2\/product\/441","targetHints":{"allow":["GET"]}}],"collection":[{"href":"https:\/\/smartphun.com\/index.php?rest_route=\/wp\/v2\/product"}],"about":[{"href":"https:\/\/smartphun.com\/index.php?rest_route=\/wp\/v2\/types\/product"}],"replies":[{"embeddable":true,"href":"https:\/\/smartphun.com\/index.php?rest_route=%2Fwp%2Fv2%2Fcomments&post=441"}],"wp:featuredmedia":[{"embeddable":true,"href":"https:\/\/smartphun.com\/index.php?rest_route=\/wp\/v2\/media\/442"}],"wp:attachment":[{"href":"https:\/\/smartphun.com\/index.php?rest_route=%2Fwp%2Fv2%2Fmedia&parent=441"}],"wp:term":[{"taxonomy":"product_brand","embeddable":true,"href":"https:\/\/smartphun.com\/index.php?rest_route=%2Fwp%2Fv2%2Fproduct_brand&post=441"},{"taxonomy":"product_cat","embeddable":true,"href":"https:\/\/smartphun.com\/index.php?rest_route=%2Fwp%2Fv2%2Fproduct_cat&post=441"},{"taxonomy":"product_tag","embeddable":true,"href":"https:\/\/smartphun.com\/index.php?rest_route=%2Fwp%2Fv2%2Fproduct_tag&post=441"}],"curies":[{"name":"wp","href":"https:\/\/api.w.org\/{rel}","templated":true}]}}