{"id":451,"date":"2026-01-21T17:11:14","date_gmt":"2026-01-21T17:11:14","guid":{"rendered":"https:\/\/smartphun.com\/?post_type=product&#038;p=451"},"modified":"2026-01-21T17:24:33","modified_gmt":"2026-01-21T17:24:33","slug":"stylet-pencil-generique-pour-ipad","status":"publish","type":"product","link":"https:\/\/smartphun.com\/?product=stylet-pencil-generique-pour-ipad","title":{"rendered":"Stylet Pencil g\u00e9n\u00e9rique pour iPad"},"content":{"rendered":"<p><strong>Stylet Pencil g\u00e9n\u00e9rique pour iPad <\/strong><\/p>\n<p>Sp\u00e9cifications :<\/p>\n<p>Taille : 167 x 8,9 x 8,6 mm<br \/>\nPoids : 14,3 g<br \/>\nMat\u00e9riau : aluminium<br \/>\nCouleur : blanc<\/p>\n<p>Contenu de l&#8217;emballage<\/p>\n<p>1 stylet<br \/>\n3 pointes<br \/>\n1 c\u00e2ble de chargement USB type C vers USB-A<br \/>\n1 manuel d&rsquo;utilisation<\/p>\n<p>Veuillez charger le stylet pendant 30 minutes avant la premi\u00e8re utilisation.<\/p>\n<p>Ce stylet est compatible avec la s\u00e9rie iPad lanc\u00e9e de 2018 \u00e0 2025.<\/p>\n<p>iPad 10e g\u00e9n\u00e9ration 2022 (Mod\u00e8le : A2696, A2757, A2777\u00ad)<br \/>\niPad 9e g\u00e9n\u00e9ration 2021 (mod\u00e8le : A2602, A2603, A2604, A2605\u00ad)<br \/>\niPad 8e g\u00e9n\u00e9ration 2020 (mod\u00e8le : A2270, A2428, A2429, A2430\u00ad)<br \/>\niPad 7e g\u00e9n\u00e9ration 2019 (mod\u00e8le : A2197, A2198, A2200).\u00ad)<br \/>\niPad 6e g\u00e9n\u00e9ration 2018 (Mod\u00e8le : A1893, A1954\u00ad)<\/p>\n<p>iPad Pro 12,9 pouces 6\u00e8me g\u00e9n\u00e9ration (mod\u00e8le : A2436, A2437, A2764, A2766)<br \/>\niPad Pro 12.9&Prime; 5\u00e8me g\u00e9n\u00e9ration (mod\u00e8le : A2378, A2379, A2461, A2462)<br \/>\niPad Pro 12.9&Prime; 4\u00e8me g\u00e9n\u00e9ration (Mod\u00e8le : A2069, A2229, A2232, A2233)<br \/>\niPad Pro 12.9&Prime; 3\u00e8me g\u00e9n\u00e9ration (mod\u00e8le : A1876, A1895, A1983, A2014)<\/p>\n<p>iPad Pro 11 pouces 4\u00e8me g\u00e9n\u00e9ration (mod\u00e8le : A2435, A2759, A2761, A2762)<br \/>\niPad Pro 11&Prime; 3\u00e8me g\u00e9n\u00e9ration (Mod\u00e8le : A2301, A2377, A2459, A2460)<br \/>\niPad Pro 11&Prime; 2\u00e8me g\u00e9n\u00e9ration (Mod\u00e8le : A2068, A2228, A2230, A2231)<br \/>\niPad Pro 11&Prime; 1\u00e8re g\u00e9n\u00e9ration (Mod\u00e8le : A1934, A1979, A1980, A2013)<\/p>\n<p>iPad Air 5e g\u00e9n\u00e9ration (Mod\u00e8le : A2588, A2589, A2591)<br \/>\niPad Air 4e g\u00e9n\u00e9ration (Mod\u00e8le : A2072, A2316, A2324, A2325)<br \/>\niPad Air 3\u00e8me g\u00e9n\u00e9ration (Mod\u00e8le : A2123, A2152, 2153, A2154)<br \/>\niPad mini 6e g\u00e9n\u00e9ration (Mod\u00e8le : A2567, A2568, A2569 )<br \/>\niPad mini 5e g\u00e9n\u00e9ration (Mod\u00e8le : A2124, A2125, A2126, A2133)<\/p>\n<p>Comment v\u00e9rifier le mod\u00e8le de votre iPad<\/p>\n<p>1 : Param\u00e8tres &gt; G\u00e9n\u00e9ral &gt; \u00c0 propos &gt; Nom du mod\u00e8le<br \/>\n2 : V\u00e9rifiez le num\u00e9ro de mod\u00e8le en commen\u00e7ant par \u00ab A \u00bb au dos de votre iPad<\/p>\n","protected":false},"excerpt":{"rendered":"<p>Stylet Pencil g\u00e9n\u00e9rique pour iPad Sp\u00e9cifications : Taille : 167 x 8,9 x 8,6 mm Poids : 14,3 g Mat\u00e9riau : aluminium Couleur : blanc Contenu de l&#8217;emballage 1 stylet 3 pointes 1 c\u00e2ble de chargement USB type C vers USB-A 1 manuel d&rsquo;utilisation Veuillez charger le stylet pendant 30 minutes avant la premi\u00e8re utilisation. [&#8230;]\n","protected":false},"featured_media":452,"comment_status":"open","ping_status":"closed","template":"","meta":[],"product_brand":[],"product_cat":[50],"product_tag":[],"class_list":{"0":"post-451","1":"product","2":"type-product","3":"status-publish","4":"has-post-thumbnail","6":"product_cat-accessoires","8":"first","9":"instock","10":"shipping-taxable","11":"purchasable","12":"product-type-simple"},"jetpack_sharing_enabled":true,"_links":{"self":[{"href":"https:\/\/smartphun.com\/index.php?rest_route=\/wp\/v2\/product\/451","targetHints":{"allow":["GET"]}}],"collection":[{"href":"https:\/\/smartphun.com\/index.php?rest_route=\/wp\/v2\/product"}],"about":[{"href":"https:\/\/smartphun.com\/index.php?rest_route=\/wp\/v2\/types\/product"}],"replies":[{"embeddable":true,"href":"https:\/\/smartphun.com\/index.php?rest_route=%2Fwp%2Fv2%2Fcomments&post=451"}],"wp:featuredmedia":[{"embeddable":true,"href":"https:\/\/smartphun.com\/index.php?rest_route=\/wp\/v2\/media\/452"}],"wp:attachment":[{"href":"https:\/\/smartphun.com\/index.php?rest_route=%2Fwp%2Fv2%2Fmedia&parent=451"}],"wp:term":[{"taxonomy":"product_brand","embeddable":true,"href":"https:\/\/smartphun.com\/index.php?rest_route=%2Fwp%2Fv2%2Fproduct_brand&post=451"},{"taxonomy":"product_cat","embeddable":true,"href":"https:\/\/smartphun.com\/index.php?rest_route=%2Fwp%2Fv2%2Fproduct_cat&post=451"},{"taxonomy":"product_tag","embeddable":true,"href":"https:\/\/smartphun.com\/index.php?rest_route=%2Fwp%2Fv2%2Fproduct_tag&post=451"}],"curies":[{"name":"wp","href":"https:\/\/api.w.org\/{rel}","templated":true}]}}