{"id":484,"date":"2026-03-27T20:08:59","date_gmt":"2026-03-27T20:08:59","guid":{"rendered":"https:\/\/smartphun.com\/?post_type=product&#038;p=484"},"modified":"2026-03-27T20:26:38","modified_gmt":"2026-03-27T20:26:38","slug":"double-chargeur-de-batterie-sony-np-fz100-appareils-photo-sony","status":"publish","type":"product","link":"https:\/\/smartphun.com\/?product=double-chargeur-de-batterie-sony-np-fz100-appareils-photo-sony","title":{"rendered":"Double chargeur de batterie Sony NP-FZ100 (appareils photo Sony)"},"content":{"rendered":"<p style=\"font-weight: 400;\"><span style=\"font-weight: 400;\"><b>Double chargeur de batterie Sony NP-FZ100 (appareils photo Sony)<\/b><\/span><\/p>\n<p>Sp\u00e9cifications :<\/p>\n<p>Mat\u00e9riau : plastique ABS.<br \/>\nEntr\u00e9e : 5 V 2,1 A<br \/>\nSortie : 8,4 V 700 mA x 1, 8,4 V 500 mA x2<br \/>\nTaille: 90x56x22mm<\/p>\n<p>Description :<\/p>\n<p>1. Double chargeur USB avec LED, peut charger 2 batteries en m\u00eame temps.<br \/>\n2. Nouveau design, facile \u00e0 transporter.<br \/>\n3. Chargeur LED intelligent affiche l&rsquo;\u00e9tat de charge et la capacit\u00e9 de la batterie.<br \/>\n4. Port double d&rsquo;entr\u00e9e Micro USB et USB Type C, vous offre plus d&rsquo;options de charge.<br \/>\n5. Convient pour batteries Sony NP-FZ100 (Sony A7R V\/ A7III \/A7R III \/A9 \/A7R IV \/Alpha 9 \/A6600 \/A9S \/A7R3 \/A7RS III\/ A7C \/FX30 \/FX3 \/ ZVE10II etc etc&#8230;.)<\/p>\n<p>Contenu du colis :<\/p>\n<p>1 double chargeur \u00e0 affichage LED intelligent<br \/>\n1 c\u00e2ble de chargement micro USB<\/p>\n<p>Remarque :\u00a0Veuillez d&rsquo;abord \u00e9lectrifier le chargeur, puis installer la batterie afin d&rsquo;afficher la puissance de la batterie avec plus de pr\u00e9cision.<\/p>\n","protected":false},"excerpt":{"rendered":"<p>Double chargeur de batterie Sony NP-FZ100 (appareils photo Sony) Sp\u00e9cifications : Mat\u00e9riau : plastique ABS. Entr\u00e9e : 5 V 2,1 A Sortie : 8,4 V 700 mA x 1, 8,4 V 500 mA x2 Taille: 90x56x22mm Description : 1. Double chargeur USB avec LED, peut charger 2 batteries en m\u00eame temps. 2. Nouveau design, facile [&#8230;]\n","protected":false},"featured_media":486,"comment_status":"open","ping_status":"closed","template":"","meta":[],"product_brand":[],"product_cat":[37],"product_tag":[],"class_list":{"0":"post-484","1":"product","2":"type-product","3":"status-publish","4":"has-post-thumbnail","6":"product_cat-chargeurs","8":"first","9":"instock","10":"shipping-taxable","11":"purchasable","12":"product-type-simple"},"jetpack_sharing_enabled":true,"_links":{"self":[{"href":"https:\/\/smartphun.com\/index.php?rest_route=\/wp\/v2\/product\/484","targetHints":{"allow":["GET"]}}],"collection":[{"href":"https:\/\/smartphun.com\/index.php?rest_route=\/wp\/v2\/product"}],"about":[{"href":"https:\/\/smartphun.com\/index.php?rest_route=\/wp\/v2\/types\/product"}],"replies":[{"embeddable":true,"href":"https:\/\/smartphun.com\/index.php?rest_route=%2Fwp%2Fv2%2Fcomments&post=484"}],"wp:featuredmedia":[{"embeddable":true,"href":"https:\/\/smartphun.com\/index.php?rest_route=\/wp\/v2\/media\/486"}],"wp:attachment":[{"href":"https:\/\/smartphun.com\/index.php?rest_route=%2Fwp%2Fv2%2Fmedia&parent=484"}],"wp:term":[{"taxonomy":"product_brand","embeddable":true,"href":"https:\/\/smartphun.com\/index.php?rest_route=%2Fwp%2Fv2%2Fproduct_brand&post=484"},{"taxonomy":"product_cat","embeddable":true,"href":"https:\/\/smartphun.com\/index.php?rest_route=%2Fwp%2Fv2%2Fproduct_cat&post=484"},{"taxonomy":"product_tag","embeddable":true,"href":"https:\/\/smartphun.com\/index.php?rest_route=%2Fwp%2Fv2%2Fproduct_tag&post=484"}],"curies":[{"name":"wp","href":"https:\/\/api.w.org\/{rel}","templated":true}]}}